{"id":22498,"date":"2025-10-20T13:58:08","date_gmt":"2025-10-20T17:58:08","guid":{"rendered":"https:\/\/www.fdi.gob.bo\/?page_id=22498"},"modified":"2025-10-20T14:07:35","modified_gmt":"2025-10-20T18:07:35","slug":"flujo-de-procesos","status":"publish","type":"page","link":"https:\/\/www.fdi.gob.bo\/index.php\/flujo-de-procesos\/","title":{"rendered":"Flujos de Procesos"},"content":{"rendered":"\n<p>Contrataci\u00f3n Menor<\/p>\n\n\n\n<div data-wp-interactive=\"core\/file\" class=\"wp-block-file\"><object data-wp-bind--hidden=\"!state.hasPdfPreview\" hidden class=\"wp-block-file__embed\" data=\"https:\/\/www.fdi.gob.bo\/wp-content\/uploads\/2025\/10\/Contratacion_Menor.pdf\" type=\"application\/pdf\" style=\"width:100%;height:600px\" aria-label=\"PDF incrustado\"><\/object><\/div>\n\n\n\n<p>Contrataci\u00f3n P\u00fablica<\/p>\n\n\n\n<div data-wp-interactive=\"core\/file\" class=\"wp-block-file\"><object data-wp-bind--hidden=\"!state.hasPdfPreview\" hidden class=\"wp-block-file__embed\" data=\"https:\/\/www.fdi.gob.bo\/wp-content\/uploads\/2025\/10\/Contratacion_Licitacion_Publica.pdf\" type=\"application\/pdf\" style=\"width:100%;height:600px\" aria-label=\"PDF incrustado\"><\/object><\/div>\n\n\n\n<p>Contrataci\u00f3n ANPE<\/p>\n\n\n\n<div data-wp-interactive=\"core\/file\" class=\"wp-block-file\"><object data-wp-bind--hidden=\"!state.hasPdfPreview\" hidden class=\"wp-block-file__embed\" data=\"https:\/\/www.fdi.gob.bo\/wp-content\/uploads\/2025\/10\/Contratacion_ANPE.pdf\" type=\"application\/pdf\" style=\"width:100%;height:600px\" aria-label=\"PDF incrustado\"><\/object><\/div>\n\n\n\n<p>Contrataci\u00f3n Directa<\/p>\n\n\n\n<div data-wp-interactive=\"core\/file\" class=\"wp-block-file\"><object data-wp-bind--hidden=\"!state.hasPdfPreview\" hidden class=\"wp-block-file__embed\" data=\"https:\/\/www.fdi.gob.bo\/wp-content\/uploads\/2025\/10\/Contratacion_Directa.pdf\" type=\"application\/pdf\" style=\"width:100%;height:600px\" aria-label=\"PDF incrustado\"><\/object><\/div>\n","protected":false},"excerpt":{"rendered":"<p>Contrataci\u00f3n Menor Contrataci\u00f3n P\u00fablica Contrataci\u00f3n ANPE Contrataci\u00f3n Directa<\/p>\n","protected":false},"author":1,"featured_media":0,"parent":0,"menu_order":0,"comment_status":"closed","ping_status":"closed","template":"","meta":{"_acf_changed":false,"footnotes":""},"class_list":["post-22498","page","type-page","status-publish","hentry"],"acf":[],"_links":{"self":[{"href":"https:\/\/www.fdi.gob.bo\/index.php\/wp-json\/wp\/v2\/pages\/22498","targetHints":{"allow":["GET"]}}],"collection":[{"href":"https:\/\/www.fdi.gob.bo\/index.php\/wp-json\/wp\/v2\/pages"}],"about":[{"href":"https:\/\/www.fdi.gob.bo\/index.php\/wp-json\/wp\/v2\/types\/page"}],"author":[{"embeddable":true,"href":"https:\/\/www.fdi.gob.bo\/index.php\/wp-json\/wp\/v2\/users\/1"}],"replies":[{"embeddable":true,"href":"https:\/\/www.fdi.gob.bo\/index.php\/wp-json\/wp\/v2\/comments?post=22498"}],"version-history":[{"count":7,"href":"https:\/\/www.fdi.gob.bo\/index.php\/wp-json\/wp\/v2\/pages\/22498\/revisions"}],"predecessor-version":[{"id":22509,"href":"https:\/\/www.fdi.gob.bo\/index.php\/wp-json\/wp\/v2\/pages\/22498\/revisions\/22509"}],"wp:attachment":[{"href":"https:\/\/www.fdi.gob.bo\/index.php\/wp-json\/wp\/v2\/media?parent=22498"}],"curies":[{"name":"wp","href":"https:\/\/api.w.org\/{rel}","templated":true}]}}