{"id":309,"date":"2024-04-05T21:30:25","date_gmt":"2024-04-05T19:30:25","guid":{"rendered":"http:\/\/10.0.100.16\/gobbo\/wordpress\/?page_id=309"},"modified":"2026-03-31T09:21:36","modified_gmt":"2026-03-31T13:21:36","slug":"declaracion-de-la-mision-vision-valores-y-principios-de-la-entidad","status":"publish","type":"page","link":"https:\/\/www.fdi.gob.bo\/index.php\/declaracion-de-la-mision-vision-valores-y-principios-de-la-entidad\/","title":{"rendered":"Misi\u00f3n, Visi\u00f3n y Principios"},"content":{"rendered":"\n<p><\/p>\n\n\n\n<p><strong><strong><strong>Misi\u00f3n<\/strong><\/strong><\/strong><\/p>\n\n\n\n<p style=\"text-align:justify;\">El Fondo de Desarrollo Ind\u00edgena, instituci\u00f3n p\u00fablica descentralizada del Estado Plurinacional de Bolivia, bajo tuici\u00f3n del Ministerio de Desarrollo Rural y Tierras, tiene la finalidad de gestionar, financiar, ejecutar de manera directa y fiscalizar programas y proyectos para el desarrollo productivo de los pueblos ind\u00edgena originario campesinos y comunidades interculturales y afrobolivianas, en el territorio nacional.<\/p>\n\n\n\n<p><strong><strong>Visi\u00f3n<\/strong><\/strong><\/p>\n\n\n\n<p style=\"text-align:justify;\">El Fondo de Desarrollo Ind\u00edgena se constituye en el instrumento econ\u00f3mico por la soberan\u00eda de los pueblos ind\u00edgena originario campesinos y comunidades interculturales y afrobolivianos, que promueve e impulsa el fortalecimiento de la econom\u00eda comunitaria en todos los municipios y territorios de las autonom\u00edas ind\u00edgena originaria campesinas del Estado Plurinacional de Bolivia, realizando esfuerzos conjuntos de manera efectiva con las Entidades Territoriales Aut\u00f3nomas y las del Nivel Central del Estado.<\/p>\n\n\n\n<h1 class=\"wp-block-heading has-medium-font-size\"><strong>Principios<\/strong><\/h1>\n\n\n\n<ul class=\"wp-block-list\">\n<li>Ama sua \u2013 Janiw Lunthata \u2013 No seas ladr\u00f3n<\/li>\n\n\n\n<li>Ama llulla \u2013 Janiw K\u2019arisiri \u2013 No seas mentiroso<\/li>\n\n\n\n<li>Ama quella \u2013 Janiw Jayra \u2013 No seas flojo<\/li>\n<\/ul>\n\n\n\n<figure class=\"wp-block-gallery has-nested-images columns-default is-cropped wp-block-gallery-1 is-layout-flex wp-block-gallery-is-layout-flex\"><\/figure>\n\n\n\n<p><\/p>\n","protected":false},"excerpt":{"rendered":"<p>Misi\u00f3n El Fondo de Desarrollo Ind\u00edgena, instituci\u00f3n p\u00fablica descentralizada del Estado Plurinacional de Bolivia, bajo tuici\u00f3n del Ministerio de Desarrollo Rural y Tierras, tiene la finalidad de gestionar, financiar, ejecutar de manera directa y fiscalizar programas y proyectos para el desarrollo productivo de los pueblos ind\u00edgena originario campesinos y comunidades interculturales y afrobolivianas, en el [&hellip;]<\/p>\n","protected":false},"author":1,"featured_media":0,"parent":0,"menu_order":0,"comment_status":"closed","ping_status":"closed","template":"","meta":{"_acf_changed":false,"footnotes":""},"class_list":["post-309","page","type-page","status-publish","hentry"],"acf":[],"_links":{"self":[{"href":"https:\/\/www.fdi.gob.bo\/index.php\/wp-json\/wp\/v2\/pages\/309","targetHints":{"allow":["GET"]}}],"collection":[{"href":"https:\/\/www.fdi.gob.bo\/index.php\/wp-json\/wp\/v2\/pages"}],"about":[{"href":"https:\/\/www.fdi.gob.bo\/index.php\/wp-json\/wp\/v2\/types\/page"}],"author":[{"embeddable":true,"href":"https:\/\/www.fdi.gob.bo\/index.php\/wp-json\/wp\/v2\/users\/1"}],"replies":[{"embeddable":true,"href":"https:\/\/www.fdi.gob.bo\/index.php\/wp-json\/wp\/v2\/comments?post=309"}],"version-history":[{"count":26,"href":"https:\/\/www.fdi.gob.bo\/index.php\/wp-json\/wp\/v2\/pages\/309\/revisions"}],"predecessor-version":[{"id":30257,"href":"https:\/\/www.fdi.gob.bo\/index.php\/wp-json\/wp\/v2\/pages\/309\/revisions\/30257"}],"wp:attachment":[{"href":"https:\/\/www.fdi.gob.bo\/index.php\/wp-json\/wp\/v2\/media?parent=309"}],"curies":[{"name":"wp","href":"https:\/\/api.w.org\/{rel}","templated":true}]}}

Misión, Visión y Principios

<p></p>



<p><strong><strong><strong>Misión</strong></strong></strong></p>



<p style="text-align:justify;">El Fondo de Desarrollo Indígena, institución pública descentralizada del Estado Plurinacional de Bolivia, bajo tuición del Ministerio de Desarrollo Rural y Tierras, tiene la finalidad de gestionar, financiar, ejecutar de manera directa y fiscalizar programas y proyectos para el desarrollo productivo de los pueblos indígena originario campesinos y comunidades interculturales y afrobolivianas, en el territorio nacional.</p>



<p><strong><strong>Visión</strong></strong></p>



<p style="text-align:justify;">El Fondo de Desarrollo Indígena se constituye en el instrumento económico por la soberanía de los pueblos indígena originario campesinos y comunidades interculturales y afrobolivianos, que promueve e impulsa el fortalecimiento de la economía comunitaria en todos los municipios y territorios de las autonomías indígena originaria campesinas del Estado Plurinacional de Bolivia, realizando esfuerzos conjuntos de manera efectiva con las Entidades Territoriales Autónomas y las del Nivel Central del Estado.</p>



<h1 class="wp-block-heading has-medium-font-size"><strong>Principios</strong></h1>



<ul class="wp-block-list">
<li>Ama sua – Janiw Lunthata – No seas ladrón</li>



<li>Ama llulla – Janiw K’arisiri – No seas mentiroso</li>



<li>Ama quella – Janiw Jayra – No seas flojo</li>
</ul>



<figure class="wp-block-gallery has-nested-images columns-default is-cropped wp-block-gallery-1 is-layout-flex wp-block-gallery-is-layout-flex"></figure>



<p></p>

<p>Misión El Fondo de Desarrollo Indígena, institución pública descentralizada del Estado Plurinacional de Bolivia, bajo tuición del Ministerio de Desarrollo Rural y Tierras, tiene la finalidad de gestionar, financiar, ejecutar de manera directa y fiscalizar programas y proyectos para el desarrollo productivo de los pueblos indígena originario campesinos y comunidades interculturales y afrobolivianas, en el [&hellip;]</p>
