{"id":321,"date":"2024-04-05T21:30:47","date_gmt":"2024-04-05T19:30:47","guid":{"rendered":"http:\/\/10.0.100.16\/gobbo\/wordpress\/?page_id=321"},"modified":"2026-01-20T11:04:50","modified_gmt":"2026-01-20T15:04:50","slug":"breve-historia-o-resena-sobre-la-creacion-y-evolucion-de-la-entidad","status":"publish","type":"page","link":"https:\/\/www.fdi.gob.bo\/index.php\/breve-historia-o-resena-sobre-la-creacion-y-evolucion-de-la-entidad\/","title":{"rendered":"Rese\u00f1a Hist\u00f3rica del Fondo de Desarrollo Ind\u00edgena"},"content":{"rendered":"\n<p style=\"text-align:justify;\">El Fondo de Desarrollo Ind\u00edgena, fue creado mediante Decreto Supremo N\u00b0 2493 del 26 de agosto de 2015 como una instituci\u00f3n p\u00fablica descentralizada con personalidad jur\u00eddica y patrimonio propio, as\u00ed como autonom\u00eda de gesti\u00f3n, administrativa, financiera, legal y t\u00e9cnica. Tiene la finalidad de gestionar, financiar y fiscalizar programas y\/o proyectos a ser ejecutados por los Gobiernos Aut\u00f3nomos Municipales GAM\u2019s, Gobiernos Aut\u00f3nomos Ind\u00edgena Originario Campesinos GAIOC\u2019s y otras entidades del nivel central del Estado, en beneficio de las comunidades y peque\u00f1os productores, contribuyendo al desarrollo productivo de los Pueblos Ind\u00edgena Originario Campesinos, Comunidades Campesinas, Interculturales y Afrobolivianas, con recursos del Impuesto Directo a los Hidrocarburos &#8211; IDH.<\/p>\n\n\n\n<p style=\"text-align:justify;\">Mediante Decreto Supremo N\u00b0 3186 de 17 de mayo de 2017, se autoriza al Fondo de Desarrollo Ind\u00edgena, transferir recursos para la ejecuci\u00f3n de programas y\/o proyectos: Productivos, Riego, Puentes, Maquinaria y Equipo para producci\u00f3n.<\/p>\n\n\n\n<p style=\"text-align:justify;\">Por otra parte, el Fondo de Desarrollo Ind\u00edgena, de conformidad con el art\u00edculo 9 de la Ley N\u00b0 3791 de 28 de noviembre de 2007, transfiere el 30% de los recursos asignados a objeto de financiar las Prestaciones de la Renta Universal de Vejez y los Gastos Funerales; asimismo, de acuerdo con el art\u00edculo 9 del Decreto Supremo N\u00b0 859 de 29 de abril de 2011, se financia con el 0,2% de los recursos el Fondo de Fomento a la Educaci\u00f3n C\u00edvico Patri\u00f3tica y se destina el 15 % de los recursos asignados para el funcionamiento anual de las UNIBOL, seg\u00fan lo previsto en el art\u00edculo 18 del Decreto Supremo N\u00b0 29664 del 2 de agosto de 2008.<\/p>\n\n\n<div class=\"wp-block-image\">\n<figure class=\"aligncenter size-full is-resized\"><img loading=\"lazy\" decoding=\"async\" width=\"838\" height=\"714\" src=\"https:\/\/www.fdi.gob.bo\/wp-content\/uploads\/2026\/01\/Recurso-1.png\" alt=\"\" class=\"wp-image-26843\" style=\"width:332px;height:auto\"\/><\/figure>\n<\/div>\n\n\n<p><\/p>\n","protected":false},"excerpt":{"rendered":"<p>El Fondo de Desarrollo Ind\u00edgena, fue creado mediante Decreto Supremo N\u00b0 2493 del 26 de agosto de 2015 como una instituci\u00f3n p\u00fablica descentralizada con personalidad jur\u00eddica y patrimonio propio, as\u00ed como autonom\u00eda de gesti\u00f3n, administrativa, financiera, legal y t\u00e9cnica. Tiene la finalidad de gestionar, financiar y fiscalizar programas y\/o proyectos a ser ejecutados por los [&hellip;]<\/p>\n","protected":false},"author":1,"featured_media":16967,"parent":0,"menu_order":0,"comment_status":"closed","ping_status":"closed","template":"","meta":{"_acf_changed":false,"footnotes":""},"class_list":["post-321","page","type-page","status-publish","has-post-thumbnail","hentry"],"acf":[],"_links":{"self":[{"href":"https:\/\/www.fdi.gob.bo\/index.php\/wp-json\/wp\/v2\/pages\/321","targetHints":{"allow":["GET"]}}],"collection":[{"href":"https:\/\/www.fdi.gob.bo\/index.php\/wp-json\/wp\/v2\/pages"}],"about":[{"href":"https:\/\/www.fdi.gob.bo\/index.php\/wp-json\/wp\/v2\/types\/page"}],"author":[{"embeddable":true,"href":"https:\/\/www.fdi.gob.bo\/index.php\/wp-json\/wp\/v2\/users\/1"}],"replies":[{"embeddable":true,"href":"https:\/\/www.fdi.gob.bo\/index.php\/wp-json\/wp\/v2\/comments?post=321"}],"version-history":[{"count":40,"href":"https:\/\/www.fdi.gob.bo\/index.php\/wp-json\/wp\/v2\/pages\/321\/revisions"}],"predecessor-version":[{"id":26844,"href":"https:\/\/www.fdi.gob.bo\/index.php\/wp-json\/wp\/v2\/pages\/321\/revisions\/26844"}],"wp:featuredmedia":[{"embeddable":true,"href":"https:\/\/www.fdi.gob.bo\/index.php\/wp-json\/wp\/v2\/media\/16967"}],"wp:attachment":[{"href":"https:\/\/www.fdi.gob.bo\/index.php\/wp-json\/wp\/v2\/media?parent=321"}],"curies":[{"name":"wp","href":"https:\/\/api.w.org\/{rel}","templated":true}]}}

Reseña Histórica del Fondo de Desarrollo Indígena

<p style="text-align:justify;">El Fondo de Desarrollo Indígena, fue creado mediante Decreto Supremo N° 2493 del 26 de agosto de 2015 como una institución pública descentralizada con personalidad jurídica y patrimonio propio, así como autonomía de gestión, administrativa, financiera, legal y técnica. Tiene la finalidad de gestionar, financiar y fiscalizar programas y/o proyectos a ser ejecutados por los Gobiernos Autónomos Municipales GAM’s, Gobiernos Autónomos Indígena Originario Campesinos GAIOC’s y otras entidades del nivel central del Estado, en beneficio de las comunidades y pequeños productores, contribuyendo al desarrollo productivo de los Pueblos Indígena Originario Campesinos, Comunidades Campesinas, Interculturales y Afrobolivianas, con recursos del Impuesto Directo a los Hidrocarburos &#8211; IDH.</p>



<p style="text-align:justify;">Mediante Decreto Supremo N° 3186 de 17 de mayo de 2017, se autoriza al Fondo de Desarrollo Indígena, transferir recursos para la ejecución de programas y/o proyectos: Productivos, Riego, Puentes, Maquinaria y Equipo para producción.</p>



<p style="text-align:justify;">Por otra parte, el Fondo de Desarrollo Indígena, de conformidad con el artículo 9 de la Ley N° 3791 de 28 de noviembre de 2007, transfiere el 30% de los recursos asignados a objeto de financiar las Prestaciones de la Renta Universal de Vejez y los Gastos Funerales; asimismo, de acuerdo con el artículo 9 del Decreto Supremo N° 859 de 29 de abril de 2011, se financia con el 0,2% de los recursos el Fondo de Fomento a la Educación Cívico Patriótica y se destina el 15 % de los recursos asignados para el funcionamiento anual de las UNIBOL, según lo previsto en el artículo 18 del Decreto Supremo N° 29664 del 2 de agosto de 2008.</p>


<div class="wp-block-image">
<figure class="aligncenter size-full is-resized"><img loading="lazy" decoding="async" width="838" height="714" src="https://www.fdi.gob.bo/wp-content/uploads/2026/01/Recurso-1.png" alt="" class="wp-image-26843" style="width:332px;height:auto"/></figure>
</div>


<p></p>

<p>El Fondo de Desarrollo Indígena, fue creado mediante Decreto Supremo N° 2493 del 26 de agosto de 2015 como una institución pública descentralizada con personalidad jurídica y patrimonio propio, así como autonomía de gestión, administrativa, financiera, legal y técnica. Tiene la finalidad de gestionar, financiar y fiscalizar programas y/o proyectos a ser ejecutados por los [&hellip;]</p>
