{"id":328,"date":"2024-04-05T21:30:59","date_gmt":"2024-04-05T19:30:59","guid":{"rendered":"http:\/\/10.0.100.16\/gobbo\/wordpress\/?page_id=328"},"modified":"2025-09-15T18:16:38","modified_gmt":"2025-09-15T22:16:38","slug":"descripcion-de-los-objetivos-y-funciones-principales-de-la-entidad-2","status":"publish","type":"page","link":"https:\/\/www.fdi.gob.bo\/index.php\/descripcion-de-los-objetivos-y-funciones-principales-de-la-entidad-2\/","title":{"rendered":"Objetivos Estrat\u00e9gicos Institucionales"},"content":{"rendered":"\n<h2 class=\"wp-block-heading\"><\/h2>\n\n\n\n<ul class=\"wp-block-list\">\n<li class=\"has-medium-font-size\" style=\"text-align:justify;\">Contribuir al desarrollo sustentable del sector productivo rural a trav\u00e9s del financiamiento y\/o ejecuci\u00f3n de programas y\/o ejecuci\u00f3n de inversi\u00f3n productiva para los pueblos ind\u00edgena originario campesino, interculturales y afrobolivianos.<\/li>\n\n\n\n<li class=\"has-medium-font-size\" style=\"text-align:justify;\">Promover el fortalecimiento de las capacidades productivas de los peque\u00f1os productores de la agricultura familiar, comunitaria para la diversificaci\u00f3n y transformaci\u00f3n productiva incrementando la producci\u00f3n y la productividad a trav\u00e9s de sistemas productivos sustentables.<\/li>\n\n\n\n<li class=\"has-medium-font-size\" style=\"text-align:justify;\">Transferir recursos de manera oportuna para las Universidades Bolivianas Ind\u00edgenas, la Renta Dignidad y Fondo C\u00edvico Patri\u00f3tico.<\/li>\n\n\n\n<li class=\"has-medium-font-size\" style=\"text-align:justify;\">Fortalecer el desarrollo institucional de manera efectiva, eficiente y transparente<\/li>\n<\/ul>\n\n\n\n<p><\/p>\n","protected":false},"excerpt":{"rendered":"","protected":false},"author":1,"featured_media":0,"parent":0,"menu_order":0,"comment_status":"closed","ping_status":"closed","template":"","meta":{"_acf_changed":false,"footnotes":""},"class_list":["post-328","page","type-page","status-publish","hentry"],"acf":[],"_links":{"self":[{"href":"https:\/\/www.fdi.gob.bo\/index.php\/wp-json\/wp\/v2\/pages\/328","targetHints":{"allow":["GET"]}}],"collection":[{"href":"https:\/\/www.fdi.gob.bo\/index.php\/wp-json\/wp\/v2\/pages"}],"about":[{"href":"https:\/\/www.fdi.gob.bo\/index.php\/wp-json\/wp\/v2\/types\/page"}],"author":[{"embeddable":true,"href":"https:\/\/www.fdi.gob.bo\/index.php\/wp-json\/wp\/v2\/users\/1"}],"replies":[{"embeddable":true,"href":"https:\/\/www.fdi.gob.bo\/index.php\/wp-json\/wp\/v2\/comments?post=328"}],"version-history":[{"count":28,"href":"https:\/\/www.fdi.gob.bo\/index.php\/wp-json\/wp\/v2\/pages\/328\/revisions"}],"predecessor-version":[{"id":18560,"href":"https:\/\/www.fdi.gob.bo\/index.php\/wp-json\/wp\/v2\/pages\/328\/revisions\/18560"}],"wp:attachment":[{"href":"https:\/\/www.fdi.gob.bo\/index.php\/wp-json\/wp\/v2\/media?parent=328"}],"curies":[{"name":"wp","href":"https:\/\/api.w.org\/{rel}","templated":true}]}}