{"id":401,"date":"2024-04-05T21:34:07","date_gmt":"2024-04-05T19:34:07","guid":{"rendered":"http:\/\/10.0.100.16\/gobbo\/wordpress\/?page_id=401"},"modified":"2025-09-16T15:40:54","modified_gmt":"2025-09-16T19:40:54","slug":"pei-descargable","status":"publish","type":"page","link":"https:\/\/www.fdi.gob.bo\/index.php\/pei-descargable\/","title":{"rendered":"Plan Estrat\u00e9gico Institucional (PEI)"},"content":{"rendered":"\n<p><\/p>\n\n\n\n<h4 class=\"wp-block-heading\"><strong>Relaci\u00f3n con el PDES 2021 &#8211; 2025<\/strong><\/h4>\n\n\n\n<h4 class=\"wp-block-heading\"><strong>Eje Estrat\u00e9gico 3<\/strong><\/h4>\n\n\n\n<p>Seguridad Alimentaria con Soberan\u00eda Alimentaria, Promoci\u00f3n de Exportaciones con Valor Agregado y Desarrollo Tur\u00edstico. <\/p>\n\n\n\n<h4 class=\"wp-block-heading\"><strong>Meta 2<\/strong><\/h4>\n\n\n\n<p>Diversificar e incrementar la productividad agropecuaria para el abastecimiento del mercado interno y la industrializaci\u00f3n con sustituci\u00f3n de importaciones, con miras a la exportaci\u00f3n con valor agregado.<\/p>\n\n\n\n<h4 class=\"wp-block-heading\"><strong>Resultado 8<\/strong><\/h4>\n\n\n\n<p>La mitad de la producci\u00f3n de alimentos consumidos por la poblaci\u00f3n nacional es producida por los peque\u00f1os productores y organizaciones econ\u00f3mico comunitario.<\/p>\n\n\n\n<h4 class=\"wp-block-heading\"><strong>Acci\u00f3n 1<\/strong><\/h4>\n\n\n\n<p>Implementar programas de apoyo a la producci\u00f3n de peque\u00f1os productores y organizaciones comunitarias a trav\u00e9s de la transferencia de tecnolog\u00eda, asistencia t\u00e9cnica, entre otras.<\/p>\n\n\n\n<figure class=\"wp-block-table is-style-stripes\"><table class=\"has-cyan-bluish-gray-color has-white-background-color has-text-color has-background has-link-color\"><thead><tr><th>Objetivo Estrat\u00e9gico Institucional 2021-2025<\/th><th>Acci\u00f3n de Corto Plazo 2025<\/th><\/tr><\/thead><tbody><tr><td>Contribuir al desarrollo sustentable del sector productivo rural a trav\u00e9s del financiamiento y\/o ejecuci\u00f3n de programas y\/o ejecuci\u00f3n de inversi\u00f3n productiva para los pueblos ind\u00edgena originario campesino, interculturales y afrobolivianos.<\/td><td>1.1 Transferir recursos a programas y\/o proyectos P\u00fablico-P\u00fablico (Cartera I, II,III y IV) para los GAM&#8217;s, GAIOC\u00b4s y otras, para gesti\u00f3n 2025.<\/td><\/tr><tr><td><br>Promover el fortalecimiento de las capacidades productivas de los peque\u00f1os productores de la agricultura familiar, comunitaria para la diversificaci\u00f3n y transformaci\u00f3n productiva incrementando la producci\u00f3n y la productividad a trav\u00e9s de sistemas productivos sustentables.<br>&#8230;<\/td><td>2.1 Transferir recursos a programas y\/o proyectos P\u00fablico-Privado (Cartera I, II, III y IV) para los GAM&#8217;s, GAIOC\u00b4s y otras, para la gesti\u00f3n 2025.<br>&#8230;<\/td><\/tr><\/tbody><\/table><\/figure>\n\n\n\n<p><\/p>\n\n\n\n<h4 class=\"wp-block-heading\"><strong>Relaci\u00f3n con el PDES 2021 &#8211; 2025<\/strong><\/h4>\n\n\n\n<h4 class=\"wp-block-heading\"><strong>Eje Estrat\u00e9gico 7<\/strong><\/h4>\n\n\n\n<p>Reforma judicial, gesti\u00f3n p\u00fablica digitalizada y transparente; seguridad y defensa integral con soberan\u00eda nacional.<\/p>\n\n\n\n<h4 class=\"wp-block-heading\"><strong>Meta 1<\/strong><\/h4>\n\n\n\n<p>Impulsar el acceso a la justicia social y reparadora para todas y todos sobre la base de la Reforma del sistema judicial y de una gesti\u00f3n p\u00fablica transparente que lucha frontalmente contra la corrupci\u00f3n.<\/p>\n\n\n\n<h4 class=\"wp-block-heading\"><strong>Resultado 7<\/strong><\/h4>\n\n\n\n<p>Se ha fortalecido la gesti\u00f3n p\u00fablica para el ejercicio democr\u00e1tico e institucional del Estado, conforme a las necesidades del pueblo boliviano, fortaleciendo el acceso a la informaci\u00f3n y comunicaci\u00f3n.<\/p>\n\n\n\n<h4 class=\"wp-block-heading\"><strong>Acci\u00f3n 1<\/strong><\/h4>\n\n\n\n<p>Gesti\u00f3n p\u00fablica a trav\u00e9s de acciones de coordinaci\u00f3n, apoyo institucional, seguimiento y evaluaci\u00f3n.<\/p>\n\n\n\n<figure class=\"wp-block-table is-style-stripes\"><table class=\"has-cyan-bluish-gray-color has-white-background-color has-text-color has-background has-link-color\"><thead><tr><th>Objetivo Estrat\u00e9gico Institucional 2021-2025 (PEI)<\/th><th>Acci\u00f3n de Corto Plazo 2025 (POA)<\/th><\/tr><\/thead><tbody><tr><td>Transferir recursos de manera oportuna para las Universidades Bolivianas Ind\u00edgenas, la Renta Dignidad y Fondo C\u00edvico Patri\u00f3tico.<\/td><td>3.1 Transferir recursos en la gesti\u00f3n 2025 a 3 Universidades Bolivianas Ind\u00edgenas, la Renta Dignidad y el Fondo C\u00edvico Patri\u00f3tico.<\/td><\/tr><tr><td><br>Fortalecer el desarrollo institucional de manera efectiva, eficiente y transparente.<br>&#8230;<\/td><td>4.1 Implementar procedimientos t\u00e9cnicos y administrativos que permitan la utilizaci\u00f3n de recursos con eficiencia, eficacia y transparencia para el correcto funcionamiento del FDI.<br>&#8230;<\/td><\/tr><\/tbody><\/table><\/figure>\n\n\n\n<p><\/p>\n","protected":false},"excerpt":{"rendered":"<p>Relaci\u00f3n con el PDES 2021 &#8211; 2025 Eje Estrat\u00e9gico 3 Seguridad Alimentaria con Soberan\u00eda Alimentaria, Promoci\u00f3n de Exportaciones con Valor Agregado y Desarrollo Tur\u00edstico. Meta 2 Diversificar e incrementar la productividad agropecuaria para el abastecimiento del mercado interno y la industrializaci\u00f3n con sustituci\u00f3n de importaciones, con miras a la exportaci\u00f3n con valor agregado. Resultado 8 [&hellip;]<\/p>\n","protected":false},"author":1,"featured_media":0,"parent":0,"menu_order":0,"comment_status":"closed","ping_status":"closed","template":"template\/tabla-plan_estrategico_institucional.php","meta":{"_acf_changed":false,"footnotes":"[]"},"class_list":["post-401","page","type-page","status-publish","hentry"],"acf":[],"_links":{"self":[{"href":"https:\/\/www.fdi.gob.bo\/index.php\/wp-json\/wp\/v2\/pages\/401","targetHints":{"allow":["GET"]}}],"collection":[{"href":"https:\/\/www.fdi.gob.bo\/index.php\/wp-json\/wp\/v2\/pages"}],"about":[{"href":"https:\/\/www.fdi.gob.bo\/index.php\/wp-json\/wp\/v2\/types\/page"}],"author":[{"embeddable":true,"href":"https:\/\/www.fdi.gob.bo\/index.php\/wp-json\/wp\/v2\/users\/1"}],"replies":[{"embeddable":true,"href":"https:\/\/www.fdi.gob.bo\/index.php\/wp-json\/wp\/v2\/comments?post=401"}],"version-history":[{"count":35,"href":"https:\/\/www.fdi.gob.bo\/index.php\/wp-json\/wp\/v2\/pages\/401\/revisions"}],"predecessor-version":[{"id":18640,"href":"https:\/\/www.fdi.gob.bo\/index.php\/wp-json\/wp\/v2\/pages\/401\/revisions\/18640"}],"wp:attachment":[{"href":"https:\/\/www.fdi.gob.bo\/index.php\/wp-json\/wp\/v2\/media?parent=401"}],"curies":[{"name":"wp","href":"https:\/\/api.w.org\/{rel}","templated":true}]}}

Plan Estratégico Institucional (PEI)

<p></p>



<h4 class="wp-block-heading"><strong>Relación con el PDES 2021 &#8211; 2025</strong></h4>



<h4 class="wp-block-heading"><strong>Eje Estratégico 3</strong></h4>



<p>Seguridad Alimentaria con Soberanía Alimentaria, Promoción de Exportaciones con Valor Agregado y Desarrollo Turístico. </p>



<h4 class="wp-block-heading"><strong>Meta 2</strong></h4>



<p>Diversificar e incrementar la productividad agropecuaria para el abastecimiento del mercado interno y la industrialización con sustitución de importaciones, con miras a la exportación con valor agregado.</p>



<h4 class="wp-block-heading"><strong>Resultado 8</strong></h4>



<p>La mitad de la producción de alimentos consumidos por la población nacional es producida por los pequeños productores y organizaciones económico comunitario.</p>



<h4 class="wp-block-heading"><strong>Acción 1</strong></h4>



<p>Implementar programas de apoyo a la producción de pequeños productores y organizaciones comunitarias a través de la transferencia de tecnología, asistencia técnica, entre otras.</p>



<figure class="wp-block-table is-style-stripes"><table class="has-cyan-bluish-gray-color has-white-background-color has-text-color has-background has-link-color"><thead><tr><th>Objetivo Estratégico Institucional 2021-2025</th><th>Acción de Corto Plazo 2025</th></tr></thead><tbody><tr><td>Contribuir al desarrollo sustentable del sector productivo rural a través del financiamiento y/o ejecución de programas y/o ejecución de inversión productiva para los pueblos indígena originario campesino, interculturales y afrobolivianos.</td><td>1.1 Transferir recursos a programas y/o proyectos Público-Público (Cartera I, II,III y IV) para los GAM&#8217;s, GAIOC´s y otras, para gestión 2025.</td></tr><tr><td><br>Promover el fortalecimiento de las capacidades productivas de los pequeños productores de la agricultura familiar, comunitaria para la diversificación y transformación productiva incrementando la producción y la productividad a través de sistemas productivos sustentables.<br>&#8230;</td><td>2.1 Transferir recursos a programas y/o proyectos Público-Privado (Cartera I, II, III y IV) para los GAM&#8217;s, GAIOC´s y otras, para la gestión 2025.<br>&#8230;</td></tr></tbody></table></figure>



<p></p>



<h4 class="wp-block-heading"><strong>Relación con el PDES 2021 &#8211; 2025</strong></h4>



<h4 class="wp-block-heading"><strong>Eje Estratégico 7</strong></h4>



<p>Reforma judicial, gestión pública digitalizada y transparente; seguridad y defensa integral con soberanía nacional.</p>



<h4 class="wp-block-heading"><strong>Meta 1</strong></h4>



<p>Impulsar el acceso a la justicia social y reparadora para todas y todos sobre la base de la Reforma del sistema judicial y de una gestión pública transparente que lucha frontalmente contra la corrupción.</p>



<h4 class="wp-block-heading"><strong>Resultado 7</strong></h4>



<p>Se ha fortalecido la gestión pública para el ejercicio democrático e institucional del Estado, conforme a las necesidades del pueblo boliviano, fortaleciendo el acceso a la información y comunicación.</p>



<h4 class="wp-block-heading"><strong>Acción 1</strong></h4>



<p>Gestión pública a través de acciones de coordinación, apoyo institucional, seguimiento y evaluación.</p>



<figure class="wp-block-table is-style-stripes"><table class="has-cyan-bluish-gray-color has-white-background-color has-text-color has-background has-link-color"><thead><tr><th>Objetivo Estratégico Institucional 2021-2025 (PEI)</th><th>Acción de Corto Plazo 2025 (POA)</th></tr></thead><tbody><tr><td>Transferir recursos de manera oportuna para las Universidades Bolivianas Indígenas, la Renta Dignidad y Fondo Cívico Patriótico.</td><td>3.1 Transferir recursos en la gestión 2025 a 3 Universidades Bolivianas Indígenas, la Renta Dignidad y el Fondo Cívico Patriótico.</td></tr><tr><td><br>Fortalecer el desarrollo institucional de manera efectiva, eficiente y transparente.<br>&#8230;</td><td>4.1 Implementar procedimientos técnicos y administrativos que permitan la utilización de recursos con eficiencia, eficacia y transparencia para el correcto funcionamiento del FDI.<br>&#8230;</td></tr></tbody></table></figure>



<p></p>

<p>Relación con el PDES 2021 &#8211; 2025 Eje Estratégico 3 Seguridad Alimentaria con Soberanía Alimentaria, Promoción de Exportaciones con Valor Agregado y Desarrollo Turístico. Meta 2 Diversificar e incrementar la productividad agropecuaria para el abastecimiento del mercado interno y la industrialización con sustitución de importaciones, con miras a la exportación con valor agregado. Resultado 8 [&hellip;]</p>
